43 = -4*x. Let k be (22 + -4)/(3 - 2). Calculate the greatest common divisor of k and h.
9
Suppose 121 = 23*p + 29. Suppose 2*w - p = -u, -2*u + 6*u - w - 52 = 0. What is the greatest common factor of u and 30?
6
Suppose -5*z + r + 277 = -2*r, 3*z - 3*r = 165. Let a = z + -46. What is the highest common factor of 40 and a?
10
Suppose 0*b - 120 = 5*b. Let f = b + 51. Calculate the greatest common divisor of f and 3.
3
Suppose -12*p = -2*l - 8*p + 12, -3*p = 2*l - 40. Suppose 4*h + 0*o = o + 13, 3*h - 4*o - 26 = 0. What is the highest common divisor of h and l?
2
Suppose 0 = -0*c + c - 10. Suppose w + 3360 = -6*w + 35*w. What is the highest common factor of c and w?
10
Suppose 812 = 4*q + 4*v, -7*q + v = -3*q - 802. Calculate the highest common divisor of 335 and q.
67
Let c = 52 - 50. Suppose a - 12 = 3*u, -4*a = a - c*u - 21. Let o be 3/((12/33)/4). What is the highest common divisor of o and a?
3
Let y(m) = -m**2 - 70*m - 92. Let q be y(-68). What is the greatest common divisor of q and 418?
22
Let h be ((-18)/(-1))/((-1 + 0)/((-86)/172)). Let d = 7 + -4. Calculate the greatest common divisor of d and h.
3
Let z(j) = 69*j**2 - j + 2. Let b be z(1). Calculate the highest common divisor of b and 10.
10
Let x(n) = n**2 - 2*n + 5. Let j be x(4). Let s = 88 + -36. Calculate the highest common divisor of j and s.
13
Suppose 12*q = -11*q + 667. What is the greatest common factor of q and 145?
29
Suppose 0 = -15*z - 184 + 979. Suppose -l + 28 + 25 = 0. Calculate the highest common divisor of l and z.
53
Let k be (-4)/(-3) - 22/(-33). Suppose 0 = -k*m - 2*l + 34, m + 2*m - 5*l = 83. What is the greatest common divisor of 84 and m?
21
Let h be 0 + (12/(-3))/(-4). Let j = h + 4. Suppose 3*k + m - 136 = 0, 4*k - 185 = m - 6*m. Calculate the greatest common divisor of j and k.
5
Let y = -31 - -43. Suppose -61 = 7*t - 19. Let s be 3 - ((-6)/2 + t). Calculate the greatest common divisor of s and y.
12
Let a(n) = -n**2 - 11*n + 103. Let g be a(-15). Calculate the greatest common factor of g and 387.
43
Suppose 34*q - 19553 = -3845. Calculate the greatest common factor of q and 42.
42
Suppose l + 8 = 5*l. Suppose l*o - 166 = 18. Suppose -4*t = -4*h - h + 112, 0 = 4*h - 2*t - o. Calculate the greatest common factor of h and 6.
6
Suppose 0 = 2*j - m + 70, j + 11 = 5*m - 15. Let a be (0 + -1)*(-4 + j). Let g be 6 - 2 - (-5 - -1). What is the greatest common divisor of g and a?
8
Suppose 3*k - 2405 = -34*k. Calculate the highest common divisor of k and 585.
65
Let g(q) = -q**3 + 8*q**2 + 15*q - 37. Let d be g(9). What is the greatest common divisor of d and 187?
17
Let a(m) = -m**3 - 4*m**2 - 12*m - 4. Let d be a(-6). What is the greatest common divisor of 196 and d?
28
Let y = 7 + -4. Suppose 0 = -0*r - y*r + n - 9, 2*r = -2*n + 2. Let z be (3 - (26 + 1))*r. Calculate the highest common divisor of 24 and z.
24
Suppose 16*f - 12*f = 0. Suppose f = h - 4*b + 14, -h + 14 - 4 = 2*b. Calculate the highest common divisor of 11 and h.
1
Let x = 74 + -42. Let l(g) be the second derivative of -g**4/12 - 2*g**3/3 + 2*g**2 - 4*g. Let k be l(-4). Calculate the highest common factor of x and k.
4
Let g be 6*(3 - (2 + 2)). Let b = g + 9. Suppose -4*q = -8*a + b*a - 220, 5*a = q - 70. Calculate the highest common factor of 10 and q.
10
Let z = -361 + 699. What is the greatest common divisor of z and 364?
26
Suppose -217 = -2*t + p - 33, -4*p - 8 = 0. Let v(h) = -13*h**3 + h**2 + 4*h + 3. Let d be v(-1). What is the greatest common divisor of d and t?
13
Let u = 4 - -32. What is the greatest common factor of 24 and u?
12
Let k be 330 - (-5 + 7/(-7)). What is the highest common factor of 147 and k?
21
Let j = 137 - 133. Calculate the greatest common divisor of 92 and j.
4
Suppose -11 = q + z, q + 5*z + 5 + 2 = 0. Let g = -46 + 68. Let k = q + g. What is the highest common divisor of k and 10?
10
Let w = 23 - 23. Let j(t) = 2*t - 9. Let u be j(6). Suppose -12 = -u*f - w. What is the highest common factor of 1 and f?
1
Suppose -6*n = -3*n - 243. Let h = -72 + n. What is the highest common factor of 18 and h?
9
Suppose 3*r - 2 = 7. Suppose -2*u = -10 + 14, -n = -u - 8. What is the greatest common factor of n and r?
3
Let w(n) = 6*n - 36. Let j be w(8). Suppose 0 = 14*d - j*d - 76. What is the greatest common factor of d and 76?
38
Let t(p) = -23*p**2 + p - 5. Let o(s) = -1. Let q(r) = 6*o(r) - t(r). Let x be q(-1). Calculate the greatest common factor of 69 and x.
23
Let l(y) = 17*y**2 + 4*y - 3. Let j be l(1). Let m = 90 - 48. What is the highest common factor of j and m?
6
Suppose -13*v = -38 - 131. What is the greatest common factor of 351 and v?
13
Let p(u) = -5 + 19*u - u**2 - 8*u**2 - 2*u**3 - 31*u. Let m be p(-5). Let z be 6/(-4)*20/(-3). Calculate the highest common factor of m and z.
10
Let u = 8 + 46. What is the highest common factor of 36 and u?
18
Let r be 2/3 - (-58)/3. Suppose -4*q - r = -72. Suppose v + 7 = -3*p + 20, 3*p + q = v. Calculate the highest common factor of 117 and v.
13
Let r be 10/15*(40 - 5/(-1)). What is the highest common divisor of r and 66?
6
Suppose t + 12 = 5*t. Suppose -86 = -q - 5*b, 5*q - 388 = t*b - 7*b. What is the greatest common divisor of 19 and q?
19
Suppose -411*a - 810 = -421*a. What is the greatest common factor of 63 and a?
9
Let u be (-2106)/(-7) - 60/70. Let p be 0/((2 + 0)*-1). Suppose -3*a + 84 = s, -3*a = -p*s - 3*s + u. What is the highest common factor of 16 and s?
16
Let r be ((-12)/(-8))/((-4)/(-40)). Let w be (-14)/35 + 66/r. Calculate the greatest common divisor of 10 and w.
2
Let q(t) = -7*t**3 + 4*t**2 - 5*t - 26. Let m(s) = s**3 + s**2 + 1. Let z(a) = 6*m(a) + q(a). Let h be z(9). Calculate the highest common factor of 48 and h.
16
Let r(a) = -a**2 - 25*a - 38. Let m be r(-23). What is the greatest common divisor of m and 344?
8
Let h be (-3*95/10)/(9/(-12)). Let t = -84 + 171. Suppose t + 198 = 3*r. What is the greatest common factor of r and h?
19
Let a be 4/(-18) - 4/27*12. Let r be a + -5 + (28 - 3). What is the highest common divisor of 27 and r?
9
Let r be -1 + 10 + -5 + 2. Let q be (60/(-55))/r + (-1630)/(-11). Calculate the highest common factor of 37 and q.
37
Let v(r) = r**3 + 16*r**2 + 1. Let p be v(-16). Let b be (p/2)/((-9)/(-126)). What is the greatest common divisor of b and 28?
7
Suppose k + 2 = -0*k. Let o be 1/(31/(-16) - k). Suppose 2*s = -2*t + 6, -5*t + 0*s + 65 = -5*s. What is the highest common factor of t and o?
8
Suppose 2*u = -t - 29, 0*u - 63 = 4*u + 3*t. Let p(w) = -5*w - 3*w - 32 + 2. Let o be p(u). What is the highest common divisor of 6 and o?
6
Suppose -214 = -7*s - 130. Calculate the highest common divisor of s and 888.
12
Suppose -10*s + 21 = -209. What is the highest common factor of s and 46?
23
Let c be (-5)/2*2052/(-190). Calculate the highest common divisor of 45 and c.
9
Let a = 544 - 530. What is the highest common factor of a and 525?
7
Suppose 0 = 5*u - 3*n - 5824, -8*u - 4*n = -3*u - 5838. Calculate the highest common divisor of 22 and u.
22
Let c = 9 + 0. Let m(u) = -c*u + 4*u + 7*u. Let w be m(2). What is the highest common divisor of w and 2?
2
Let v = -1 - 8. Suppose -11*c = -7*c - 132. Let q = v + c. Calculate the greatest common divisor of q and 12.
12
Let w(b) be the second derivative of -b**4/12 - 5*b**3/3 - b**2/2 - 23*b. Let p be w(-5). What is the highest common factor of 6 and p?
6
Let h = 358 - 266. What is the greatest common factor of 115 and h?
23
Suppose 31 - 423 = -4*k. Let q be k/5 + -2 - (-4)/10. Let l(n) = 4*n + 2. Let p be l(4). What is the greatest common factor of q and p?
18
Suppose 0 = -w - 2*y + 325, 0*y = -5*y - 25. Let z = w + -167. What is the greatest common factor of z and 12?
12
Let k(x) = -161*x - 803. Let t be k(-5). What is the greatest common factor of t and 614?
2
Let j(u) be the first derivative of -u**3/3 - u**2 + 32*u - 7. Let y be j(0). What is the highest common factor of 4 and y?
4
Suppose 7*d - d - 30 = 0. Suppose 4*u = -u + 4*o + 32, 0 = d*o + 15. What is the greatest common divisor of 32 and u?
4
Suppose -1790 - 4018 = -66*j. Calculate the highest common divisor of 20 and j.
4
Suppose 8 = 2*v, -19*p + v = -17*p - 26. What is the highest common factor of 705 and p?
15
Let r(i) = -i**3 - 5*i**2 - 3*i + 9. Suppose 5*m + 2*q = -